4)/((3/4)/1) is divided by 9.
8
Let d(f) = 65*f - 34. What is the remainder when d(6) is divided by 36?
32
Let w = -202 - -229. Calculate the remainder when w is divided by 20.
7
Let s(d) = 34*d + 15. What is the remainder when s(2) is divided by 15?
8
Let j be 3/1 + (3 + -6 - -6). Let m = 0 - -2. Calculate the remainder when m is divided by (-8)/12*j - -5.
0
Suppose 0 = -16*b + 256 + 864. What is the remainder when 274 is divided by b?
64
Let u(j) = -11 + 0*j + 6*j - j**2 + 19 - j. Let w be u(6). Suppose 80 = 2*f - c, 0 = 5*f - w*f + 2*c - 106. What is the remainder when 111 is divided by f?
35
Let h(z) = 2*z + 1. Let k be h(7). Suppose k = 8*a - 13*a. Calculate the remainder when 54 is divided by (0 - 11)*(2 + a).
10
Suppose -2*a - 1 = -67. Suppose 4*q + 0 = 8. Suppose -4*t - 18 = -2*x, -q*t = t + 3. Calculate the remainder when a is divided by x.
5
Suppose -89 = -3*l + 2*o + 7, -5*l = -4*o - 162. What is the remainder when 207 is divided by l?
27
Let f(s) = -s - 14. Let w be f(-7). Calculate the remainder when 25 is divided by 2*3/(-6)*w.
4
Let b(n) be the first derivative of 2*n**3 - 4*n**2 + 4*n - 31. Calculate the remainder when b(6) is divided by 29.
27
Suppose -i - 5*r + 2*r - 5 = 0, -i = -r - 7. Suppose -53 - 31 = -i*n. What is the remainder when 38 is divided by n?
17
Let h = 260 + -227. Calculate the remainder when 160 is divided by h.
28
Suppose -w - 64 = a + 3*w, -184 = 3*a + 4*w. Suppose 9*x = 6*x + 66. Calculate the remainder when x is divided by (12/5)/((-18)/a).
6
Let y = 592 + -401. What is the remainder when y is divided by 16?
15
Let p(h) = h**3 + 14*h**2 + 13*h - 44. Calculate the remainder when p(-9) is divided by 75.
19
Let m = 58 + 121. What is the remainder when m is divided by 45?
44
Let w be -2 - ((-2 - 2) + 3). Let u be -6*(-8)/12 + w. What is the remainder when -2 + 22 + -4 + u is divided by 5?
4
Suppose 3*l - t - 176 = 0, 5*t = -3*l + 63 + 83. Suppose 2*x = 4*n - 118, -3*n + 3*x = -30 - l. What is the remainder when n is divided by 17?
13
Let u = 120 + 221. Calculate the remainder when u is divided by 57.
56
Let a be (-10 + 9)*(-2 - -2). Suppose a = -p + 4 + 5. What is the remainder when 42 is divided by p?
6
Let t = 42 + -40. Suppose -j + 5*q = -107, q + t = -2. What is the remainder when j is divided by 22?
21
Suppose -3*a - 3 = -0, 3*f + 4*a - 431 = 0. What is the remainder when 431 is divided by f?
141
Suppose 2*v - 9*g + 14*g = 211, -4*v + 436 = -4*g. Calculate the remainder when v is divided by 50.
8
Let a = 950 - 654. Suppose 0 = -5*j - 15, -j = 4*o + 99 - a. Suppose 4*q = o + 46. What is the remainder when 47 is divided by q?
23
Suppose -41 = 69*a - 386. Suppose 1 = -d + 4. Suppose -d*h + h + 36 = 0. What is the remainder when h is divided by a?
3
Suppose -1 = 5*l - 51. Suppose -2 = 3*n - 17. Suppose 2*a + 139 = n*t - 0, -20 = -t + 3*a. What is the remainder when t is divided by l?
9
Let b = -196 - -208. What is the remainder when b is divided by 6?
0
Let x be -31*(-2)/((-8)/12). Let o = -65 - x. Let l = 2 - -13. What is the remainder when o is divided by l?
13
Suppose 0*l = -7*l + 35. Suppose i = 9 + l. What is the remainder when 67 is divided by i?
11
Let s = -1593 + 1738. Calculate the remainder when 298 is divided by s.
8
Suppose 5*b = -2*x - 77, 0*b - 3*x = 5*b + 78. Let a(d) = -11*d - 3. Calculate the remainder when a(-3) is divided by (10/b)/((-1)/24).
14
Let x = 20 + -14. Suppose -178 - 362 = -x*y. What is the remainder when y is divided by 23?
21
Suppose 0 = 5*o + 41 + 34. Let g = 35 + o. What is the remainder when 59 is divided by g?
19
Calculate the remainder when (340/(-40))/((-2)/4) is divided by 7.
3
Let r = 75 + -32. Suppose n = -l - 5, n - 6*n = 25. Suppose 3*s + l*s - 21 = -v, -2*s = -2*v + 26. What is the remainder when r is divided by v?
13
Let m = 1109 + -285. Calculate the remainder when m is divided by 18.
14
Suppose -16 = -2*l - 2*j, -l = -0*l + 4*j - 20. Suppose 4*q - 5*u - 111 = 89, l*u = 0. What is the remainder when q is divided by 27?
23
Suppose -k = -2*k + 20. What is the remainder when 575/k + 0 + 1/4 is divided by 5?
4
Let r = 14 - 16. Let d(k) = -3*k + 4. What is the remainder when 22 is divided by d(r)?
2
Suppose 643 = -g + 664. Suppose 1 = -5*d - 3*r - 2, -10 = 2*d - r. Let s(z) = -4*z**3 - 4*z**2 - 2*z + 3. What is the remainder when s(d) is divided by g?
18
Suppose -9*a - 225 - 207 = 0. Calculate the remainder when 34 is divided by (-3)/((-136)/a - 1*3).
16
Let a = 34 - -11. Let u(s) be the first derivative of s**3/3 + 11*s**2/2 + 12*s + 4. Calculate the remainder when a is divided by u(-11).
9
Calculate the remainder when 49 is divided by ((-16)/24)/((-4)/408*4).
15
Let d = 6 + -4. Let y = -2 + d. Suppose 0*k + 2*k - 36 = y. What is the remainder when k is divided by 5?
3
Let k(b) = -b**3 + 13*b**2 + 19*b - 25. Calculate the remainder when k(14) is divided by 12.
9
Let w = -16 - -19. Suppose -5*p + w + 167 = 0. What is the remainder when 135 is divided by p?
33
Suppose 3*z = 3*v - 292 - 65, 0 = 2*v - 3*z - 237. What is the remainder when 484 is divided by v?
4
Let q = 445 + -332. What is the remainder when q is divided by 29?
26
Suppose -n + 11 = x + x, 2*x = 3*n - 73. Let h(p) = 0*p**2 + 2*p**2 + p - 6*p - p**2 + 6. Calculate the remainder when n is divided by h(6).
9
Let x(k) = 3*k + 65. What is the remainder when 31 is divided by x(-14)?
8
Let f = 178 - -88. What is the remainder when f is divided by 27?
23
What is the remainder when (572/(-6))/((-27)/81) is divided by 41?
40
Let j(p) = p - 52. Let z(r) = -17. Let g(u) = 6*j(u) - 17*z(u). What is the remainder when 37 is divided by g(6)?
11
Let t be -36 + (1 - 0/1). Let d = t + 39. Calculate the remainder when 22 is divided by d.
2
Let l be (148 + (0 - 2))*1/2. Suppose -31 = -a + 4*q + l, -2*a = 5*q - 247. Calculate the remainder when a is divided by 30.
26
Suppose 0 = 3*k - k. Suppose 5*w - 12 = 8. Suppose -4*i = w*c + 8, c + k = -4*i + 7. What is the remainder when 10 is divided by i?
1
Let o = -35 + 37. Suppose -3*c + 3*d - 202 = -2*d, -o*c - 4*d - 98 = 0. Let t = c - -86. Calculate the remainder when t is divided by 15.
12
Suppose -12 = -4*m, 3*o + m = 228 - 84. Suppose 0 = q + 5*w + 18, -11 = 3*q - 3*w - o. What is the remainder when 10 is divided by q?
3
Suppose 4*q + 4*n - 84 = 0, -4*q + 5*n + 102 = -0*q. Suppose -23*a + 112 = -15*a. What is the remainder when q is divided by a?
9
Suppose -4*h = 2*l - 0*h - 50, -l + 2*h + 25 = 0. Let g = -10 + l. What is the remainder when 70 is divided by g?
10
Let x(h) = -3*h**3 + 5*h**2 + h + 7 + 2*h**3 + 0. Calculate the remainder when 46 is divided by x(5).
10
Suppose -5*o + 242 = -198. Let y(v) = 2*v**3 - 4*v**2 + 8*v - 6. Calculate the remainder when y(4) is divided by 1/(-4) + 2046/o.
21
Let n be (-20 + 2)*3/(-3). Suppose -n = -k - 2. Let i(m) = 61*m**2 + 2*m + 2. Calculate the remainder when i(-1) is divided by k.
13
Let j = 3 - 3. Let b be -7 - (-506)/10 - 2/(-5). Suppose j = -2*f - 0*a + 2*a + b, -f + 31 = -4*a. What is the remainder when 37 is divided by f?
18
Let z(y) = -y**2 - 9*y - 7. Let j be z(-9). Calculate the remainder when (3/3)/(3/159) is divided by -4*2*j/4.
11
Let b = -21 - -25. Suppose b = -5*g + 14. Suppose -2*z - 5 = 4*i - 13, 3*i - 8 = -z. Calculate the remainder when i is divided by g.
0
Let j = 2297 + -1904. What is the remainder when j is divided by 18?
15
Let m = 253 - 215. What is the remainder when 66 is divided by m?
28
Suppose -s + 3 + 6 = 0. Let t = s + 22. Suppose 16 = 3*j - 32. What is the remainder when t is divided by j?
15
Let y = -164 - -335. Calculate the remainder when y is divided by 43.
42
Let m = 59 - 37. Suppose -9 = 5*c + 3*q - 132, 2*q = c - m. Suppose -4*d - 169 = -2*r - 57, 133 = 3*r + d. What is the remainder when r is divided by c?
22
Suppose -44 = -5*m + 36. Let g = m + -2. What is the remainder when 36 - (3 - 1)*3/(-2) is divided by g?
11
Let c(t) = -234*t - 38. Let q be c(-2). Suppose x - 7 = -0. Suppose 2*s = x*s - q. Calculate the remainder when s is divided by 29.
28
Let l be -3 - (0 + 1 + -9). Suppose 0 = -l*o + 5*w + 135, o - 20 = 2*w + 9. What is the remainder when 123 is divided by o?
23
Let y = -25 + 44. Let t(a) = 5*a - 2. Let z be t(-3). Let l = y + z. What is the remainder when 2 is divided by l?
0
Suppo